{"id":15260,"date":"2024-10-04T11:22:59","date_gmt":"2024-10-04T09:22:59","guid":{"rendered":"https:\/\/www.centerspas.com\/?post_type=product&#038;p=15260"},"modified":"2024-10-29T17:19:38","modified_gmt":"2024-10-29T16:19:38","slug":"ph-plus-spa","status":"publish","type":"product","link":"https:\/\/www.centerspas.com\/index.php\/produit\/ph-plus-spa\/","title":{"rendered":"ph Plus spa"},"content":{"rendered":"<p>L&rsquo;\u00e9quilibre de l&rsquo;eau passe avant tout par un bon r\u00e9glage du pH. Le pH reste trop souvent n\u00e9glig\u00e9 dans le cadre du traitement des eaux de spa, alors qu&rsquo;il est essentiel pour \u00e9viter simplement de nombreux d\u00e9sagr\u00e9ments comme l&rsquo;irritation des yeux ou de la peau. Le pH Plus hthSpa facilitera \u00e9galement l&rsquo;action du d\u00e9sinfectant.<\/p>\n<p>&nbsp;<\/p>\n<p>Pot de 1,2KG<\/p>\n<p>Un bon \u00e9quilibre du pH am\u00e9liore l&rsquo;efficacit\u00e9 du d\u00e9sinfectant et assure le confort du bain<\/p>\n<p><strong>Caract\u00e9ristiques :\u00a0<\/strong><\/p>\n<ul>\n<li>Forte teneur en mati\u00e8re active<\/li>\n<li>Compatible, \u00e0 l&rsquo;\u00e9tat dilu\u00e9, avec ls d\u00e9sinfectants et auxiliaires de traitement employ\u00e9s en spa<\/li>\n<li>Compatible, \u00e0 l&rsquo;\u00e9tat dilu\u00e9, avec les d\u00e9sifectants et auxiliaires de traitements employ\u00e9s en spa<\/li>\n<li>Compatible avec tout \u00e9quipement de filtration<\/li>\n<li>Poudre \u00e0 dissolution rapide sans r\u00e9sidu<\/li>\n<li>Non moussant aux dosages reccomand\u00e9s en spa<\/li>\n<\/ul>\n<p><strong>Dosage :<\/strong><\/p>\n<ul>\n<li>Pour diminuer ou augmenter de 0,2 unit\u00e9s le pH : 15g de produit par m\u00b3 d&rsquo;eau<\/li>\n<\/ul>\n","protected":false},"excerpt":{"rendered":"<p>L&rsquo;\u00e9quilibre de l&rsquo;eau passe avant tout par un bon r\u00e9glage du pH. Le pH reste trop souvent n\u00e9glig\u00e9 dans le cadre du traitement des eaux de spa, alors qu&rsquo;il est essentiel pour \u00e9viter simplement de nombreux d\u00e9sagr\u00e9ments comme l&rsquo;irritation des yeux ou de la peau. Le pH Plus hthSpa facilitera \u00e9galement l&rsquo;action du d\u00e9sinfectant. &nbsp;&#8230;<\/p>\n","protected":false},"featured_media":15263,"comment_status":"open","ping_status":"closed","template":"","meta":{"_seopress_robots_primary_cat":"none","_seopress_titles_title":"pH Plus spa en poudre - CenterSpas","_seopress_titles_desc":"D\u00e9couvrez notre Ph Plus pour spa en poudre hthSpa qui vous permet de remonter le pH de l'eau de votre spa pour une efficacit\u00e9 de vos produits de traitement.","_seopress_robots_index":""},"product_brand":[],"product_cat":[34],"product_tag":[],"class_list":{"0":"post-15260","1":"product","2":"type-product","3":"status-publish","4":"has-post-thumbnail","6":"product_cat-traitements","8":"first","9":"instock","10":"taxable","11":"shipping-taxable","12":"purchasable","13":"product-type-simple"},"_links":{"self":[{"href":"https:\/\/www.centerspas.com\/index.php\/wp-json\/wp\/v2\/product\/15260","targetHints":{"allow":["GET"]}}],"collection":[{"href":"https:\/\/www.centerspas.com\/index.php\/wp-json\/wp\/v2\/product"}],"about":[{"href":"https:\/\/www.centerspas.com\/index.php\/wp-json\/wp\/v2\/types\/product"}],"replies":[{"embeddable":true,"href":"https:\/\/www.centerspas.com\/index.php\/wp-json\/wp\/v2\/comments?post=15260"}],"wp:featuredmedia":[{"embeddable":true,"href":"https:\/\/www.centerspas.com\/index.php\/wp-json\/wp\/v2\/media\/15263"}],"wp:attachment":[{"href":"https:\/\/www.centerspas.com\/index.php\/wp-json\/wp\/v2\/media?parent=15260"}],"wp:term":[{"taxonomy":"product_brand","embeddable":true,"href":"https:\/\/www.centerspas.com\/index.php\/wp-json\/wp\/v2\/product_brand?post=15260"},{"taxonomy":"product_cat","embeddable":true,"href":"https:\/\/www.centerspas.com\/index.php\/wp-json\/wp\/v2\/product_cat?post=15260"},{"taxonomy":"product_tag","embeddable":true,"href":"https:\/\/www.centerspas.com\/index.php\/wp-json\/wp\/v2\/product_tag?post=15260"}],"curies":[{"name":"wp","href":"https:\/\/api.w.org\/{rel}","templated":true}]}}