{"id":15293,"date":"2024-10-04T11:54:14","date_gmt":"2024-10-04T09:54:14","guid":{"rendered":"https:\/\/www.centerspas.com\/?post_type=product&#038;p=15293"},"modified":"2024-10-29T15:35:55","modified_gmt":"2024-10-29T14:35:55","slug":"eau-eclatante-3-en-1","status":"publish","type":"product","link":"https:\/\/www.centerspas.com\/index.php\/produit\/eau-eclatante-3-en-1\/","title":{"rendered":"Eau \u00c9clatante 3 en 1"},"content":{"rendered":"<p>Contre les algues, le tartre et les d\u00e9p\u00f4ts m\u00e9talliques<\/p>\n<p>&nbsp;<\/p>\n<p><span class=\"highlight\">Bouteille de 1 L<\/span><\/p>\n<p>Eau Eclatante 3 en 1\u00a0constitue le traitement d&rsquo;appoint id\u00e9al quel que soit le d\u00e9sinfectant employ\u00e9 comme traitement de base (chlore, brome&#8230;).<br \/>\nEau Eclatante 3 en 1\u00a0permet d&rsquo;optimiser le traitement de l&rsquo;eau afin de la rendre parfaite du point de vue esth\u00e9tique.<br \/>\nEau Eclatante 3 en 1, administr\u00e9 en traitement pr\u00e9ventif, assure une lutte permanente contre les nuisances engendr\u00e9es par les ph\u00e9nom\u00e8nes ind\u00e9sirables les plus fr\u00e9quents : prolif\u00e9ration des algues, tendance de l&rsquo;eau \u00e0 entartrer (TH, temp\u00e9ratures \u00e9lev\u00e9es&#8230;), pr\u00e9sence d&rsquo;ions m\u00e9talliques (fer, cuivre, mangan\u00e8se).<br \/>\nDans tous les cas, l&rsquo;action peut \u00eatre pr\u00e9ventive (conseill\u00e9) ou curative \u00e0 condition d&rsquo;adapter le dosage \u00e0 l&rsquo;ampleur du probl\u00e8me constat\u00e9<\/p>\n<p><strong>Caract\u00e9ristiques :\u00a0<\/strong><\/p>\n<ul>\n<li>Traitement d&rsquo;appoint id\u00e9al quel que soit le d\u00e9sinfectant employ\u00e9<\/li>\n<li>Optimise le traitement de l&rsquo;eau<\/li>\n<li>Lutte contre les nuisances : prolif\u00e9ration des algues, tendance de l&rsquo;eau \u00e0 se troubler (TH, temp\u00e9rature \u00e9lev\u00e9es&#8230;), pr\u00e9sence d&rsquo;ions m\u00e9talliques (fer, cuivre, mangan\u00e8se).<\/li>\n<\/ul>\n<p><strong>Dosage :\u00a0<\/strong><\/p>\n<ul>\n<li>Traitement pr\u00e9ventif (lors du remplissage du spa et d&rsquo;apport d&rsquo;eau neuve) : 3 bouchons par m\u00b3 d&rsquo;eau<\/li>\n<\/ul>\n","protected":false},"excerpt":{"rendered":"<p>Contre les algues, le tartre et les d\u00e9p\u00f4ts m\u00e9talliques &nbsp; Bouteille de 1 L Eau Eclatante 3 en 1\u00a0constitue le traitement d&rsquo;appoint id\u00e9al quel que soit le d\u00e9sinfectant employ\u00e9 comme traitement de base (chlore, brome&#8230;). Eau Eclatante 3 en 1\u00a0permet d&rsquo;optimiser le traitement de l&rsquo;eau afin de la rendre parfaite du point de vue esth\u00e9tique&#8230;.<\/p>\n","protected":false},"featured_media":15296,"comment_status":"open","ping_status":"closed","template":"","meta":{"_seopress_robots_primary_cat":"none","_seopress_titles_title":"Eau \u00e9clatente 3 en 1 - CenterSpas","_seopress_titles_desc":"","_seopress_robots_index":""},"product_brand":[],"product_cat":[34],"product_tag":[],"class_list":{"0":"post-15293","1":"product","2":"type-product","3":"status-publish","4":"has-post-thumbnail","6":"product_cat-traitements","8":"first","9":"instock","10":"taxable","11":"shipping-taxable","12":"purchasable","13":"product-type-simple"},"_links":{"self":[{"href":"https:\/\/www.centerspas.com\/index.php\/wp-json\/wp\/v2\/product\/15293","targetHints":{"allow":["GET"]}}],"collection":[{"href":"https:\/\/www.centerspas.com\/index.php\/wp-json\/wp\/v2\/product"}],"about":[{"href":"https:\/\/www.centerspas.com\/index.php\/wp-json\/wp\/v2\/types\/product"}],"replies":[{"embeddable":true,"href":"https:\/\/www.centerspas.com\/index.php\/wp-json\/wp\/v2\/comments?post=15293"}],"wp:featuredmedia":[{"embeddable":true,"href":"https:\/\/www.centerspas.com\/index.php\/wp-json\/wp\/v2\/media\/15296"}],"wp:attachment":[{"href":"https:\/\/www.centerspas.com\/index.php\/wp-json\/wp\/v2\/media?parent=15293"}],"wp:term":[{"taxonomy":"product_brand","embeddable":true,"href":"https:\/\/www.centerspas.com\/index.php\/wp-json\/wp\/v2\/product_brand?post=15293"},{"taxonomy":"product_cat","embeddable":true,"href":"https:\/\/www.centerspas.com\/index.php\/wp-json\/wp\/v2\/product_cat?post=15293"},{"taxonomy":"product_tag","embeddable":true,"href":"https:\/\/www.centerspas.com\/index.php\/wp-json\/wp\/v2\/product_tag?post=15293"}],"curies":[{"name":"wp","href":"https:\/\/api.w.org\/{rel}","templated":true}]}}