{"id":15297,"date":"2024-10-04T11:56:17","date_gmt":"2024-10-04T09:56:17","guid":{"rendered":"https:\/\/www.centerspas.com\/?post_type=product&#038;p=15297"},"modified":"2024-10-29T15:28:03","modified_gmt":"2024-10-29T14:28:03","slug":"anti-ecume-spa","status":"publish","type":"product","link":"https:\/\/www.centerspas.com\/index.php\/produit\/anti-ecume-spa\/","title":{"rendered":"Anti-Ecume spa"},"content":{"rendered":"<p><span class=\"highlight_violet\">Eliminer la mousse gr\u00e2ce \u00e0 notre anti-\u00e9cume pour spa<\/span><\/p>\n<p>L\u2019eau de votre spa circule tr\u00e8s rapidement, de l\u2019air est \u00e9galement r\u00e9guli\u00e8rement introduit et il peut donc se former de la mousse \u00e0 la surface de l\u2019eau.<\/p>\n<p>M\u00eame si cela n\u2019est pas dangereux, l\u2019effet esth\u00e9tique obtenu est peu attrayant et cette mousse doit de pr\u00e9f\u00e9rence \u00eatre \u00e9limin\u00e9e.<\/p>\n<p>&nbsp;<\/p>\n<div class=\"tab-content\">\n<div id=\"tabs-1\" class=\"tab-pane active\">\n<p>Bouteille de 1 L<br \/>\n<strong>Caract\u00e9ristiques<\/strong><br \/>\n\u2022 Tr\u00e8s grande vitesse d&rsquo;action<br \/>\n\u2022 Efficace \u00e0 tr\u00e8s faible concentration<br \/>\n\u2022 Compatible avec tout \u00e9quipement de filtration<br \/>\n\u2022 Compatible \u00e0 l&rsquo;\u00e9tat dilu\u00e9, avec les d\u00e9sinfectants et auxiliaires de traitement employ\u00e9s en spa<br \/>\n\u2022 Efficace quelque soit le pH de l\u2019eau trait\u00e9e<br \/>\n\u2022 Produit sans nuisance pour l&rsquo;environnement en respectant les dosages recommand\u00e9s<\/p>\n<p><strong>Dosage :<\/strong><\/p>\n<ul>\n<li>1 bouchon par m\u00b2 de surface \u00e0 traiter<\/li>\n<\/ul>\n<\/div>\n<\/div>\n","protected":false},"excerpt":{"rendered":"<div class=\"tab-content\">\n<div id=\"tabs-1\" class=\"tab-pane active\">\n<p>&nbsp;<\/p>\n<\/div>\n<\/div>\n<p>&nbsp;<\/p>\n","protected":false},"featured_media":15300,"comment_status":"open","ping_status":"closed","template":"","meta":{"_seopress_robots_primary_cat":"none","_seopress_titles_title":"Anti-Ecume pour spa - CenterSpa","_seopress_titles_desc":"\u00c9liminez la mousse de votre spa gr\u00e2ce \u00e0 notre anti-\u00e9cume pour spa hthspa. Retrouvez une eau clair et l'limpide pour un plaisir de baignade parfait.","_seopress_robots_index":""},"product_brand":[],"product_cat":[34],"product_tag":[],"class_list":{"0":"post-15297","1":"product","2":"type-product","3":"status-publish","4":"has-post-thumbnail","6":"product_cat-traitements","8":"first","9":"instock","10":"taxable","11":"shipping-taxable","12":"purchasable","13":"product-type-simple"},"_links":{"self":[{"href":"https:\/\/www.centerspas.com\/index.php\/wp-json\/wp\/v2\/product\/15297","targetHints":{"allow":["GET"]}}],"collection":[{"href":"https:\/\/www.centerspas.com\/index.php\/wp-json\/wp\/v2\/product"}],"about":[{"href":"https:\/\/www.centerspas.com\/index.php\/wp-json\/wp\/v2\/types\/product"}],"replies":[{"embeddable":true,"href":"https:\/\/www.centerspas.com\/index.php\/wp-json\/wp\/v2\/comments?post=15297"}],"wp:featuredmedia":[{"embeddable":true,"href":"https:\/\/www.centerspas.com\/index.php\/wp-json\/wp\/v2\/media\/15300"}],"wp:attachment":[{"href":"https:\/\/www.centerspas.com\/index.php\/wp-json\/wp\/v2\/media?parent=15297"}],"wp:term":[{"taxonomy":"product_brand","embeddable":true,"href":"https:\/\/www.centerspas.com\/index.php\/wp-json\/wp\/v2\/product_brand?post=15297"},{"taxonomy":"product_cat","embeddable":true,"href":"https:\/\/www.centerspas.com\/index.php\/wp-json\/wp\/v2\/product_cat?post=15297"},{"taxonomy":"product_tag","embeddable":true,"href":"https:\/\/www.centerspas.com\/index.php\/wp-json\/wp\/v2\/product_tag?post=15297"}],"curies":[{"name":"wp","href":"https:\/\/api.w.org\/{rel}","templated":true}]}}